{"id":944,"date":"2020-11-11T10:41:39","date_gmt":"2020-11-11T09:41:39","guid":{"rendered":"https:\/\/www.drehbuchwerkstatt.de\/relaunch\/?page_id=944"},"modified":"2025-12-08T17:34:51","modified_gmt":"2025-12-08T16:34:51","slug":"drehbuchwerkstatt-muenchen-stab-organisation","status":"publish","type":"page","link":"https:\/\/www.drehbuchwerkstatt.de\/relaunch\/drehbuchwerkstatt-muenchen-stab-organisation\/","title":{"rendered":"Drehbuchwerkstatt M\u00fcnchen | stab &#038; organisation"},"content":{"rendered":"<div class=\"wpb-content-wrapper\"><p>[vc_row][vc_column][vc_single_image media=&#8220;378&#8243; media_width_percent=&#8220;100&#8243;][vc_column_text]<\/p>\n<h1>STAB &amp; ORGANISATION<\/h1>\n<p><b>Informationen \u00fcber Tr\u00e4ger und Organisation der Drehbuchwerkstatt M\u00fcnchen.<\/b><\/p>\n<hr \/>\n<p>[vc_icon display=&#8220;inline&#8220; icon=&#8220;fa fa-chain&#8220; heading_semantic=&#8220;div&#8220; text_size=&#8220;&#8220;][\/vc_icon]<a href=\"https:\/\/www.drehbuchwerkstatt.de\/relaunch\/drehbuchwerkstatt-muenchen-ueber-uns\/\">siehe auch &#8222;\u00dcber uns&#8220;<\/a>[\/vc_column_text][\/vc_column][\/vc_row][vc_row][vc_column width=&#8220;1\/1&#8243;][vc_row_inner][vc_column_inner width=&#8220;1\/2&#8243;][vc_column_text][vc_custom_heading heading_semantic=&#8220;h4&#8243; text_size=&#8220;h4&#8243; text_weight=&#8220;300&#8243; text_transform=&#8220;uppercase&#8220; separator=&#8220;yes&#8220; separator_color=&#8220;yes&#8220;]DREHBUCHWERKSTATT M\u00dcNCHEN[\/vc_custom_heading][\/vc_column_text][\/vc_column_inner][vc_column_inner width=&#8220;1\/2&#8243;][vc_column_text uncode_shortcode_id=&#8220;667587&#8243;]<strong>Kino\/Fernsehfilm | Serie | dok.art | Audience:First storytelling lab<\/strong><\/p>\n<p>&nbsp;<\/p>\n<p><strong>Gesamtleitung:<\/strong><\/p>\n<p>Professorin Michaela Kezele<\/p>\n<p>Professor Hubert von Spreti<\/p>\n<p><strong>Gesch\u00e4ftsstelle | \u00d6ffentlichkeitsarbeit | Lehrprogramm:<\/strong><\/p>\n<p>Sigrid Br\u00fccher<\/p>\n<p>Mareike Lindenmeyer<\/p>\n<p><strong>dok.art:<\/strong><\/p>\n<p>Thomas Riedelsheimer, Projektleitung<\/p>\n<p>Alyssa Koske<\/p>\n<p><strong>audience:first storytelling lab:<\/strong><\/p>\n<p>Julia Zantl, Projektleitung[\/vc_column_text][vc_empty_space empty_h=&#8220;2&#8243;][\/vc_column_inner][\/vc_row_inner][vc_row_inner][vc_column_inner width=&#8220;1\/2&#8243;][vc_column_text][vc_custom_heading heading_semantic=&#8220;h4&#8243; text_size=&#8220;h4&#8243; text_weight=&#8220;300&#8243; text_transform=&#8220;uppercase&#8220; separator=&#8220;yes&#8220; separator_color=&#8220;yes&#8220;]TR\u00c4GER &amp; KOOPERATIONEN[\/vc_custom_heading][\/vc_column_text][\/vc_column_inner][vc_column_inner width=&#8220;1\/2&#8243;][vc_column_text uncode_shortcode_id=&#8220;188668&#8243;]<strong>Tr\u00e4ger:<\/strong><\/p>\n<p><a href=\"https:\/\/www.bayern.de\" target=\"_blank\" rel=\"noopener noreferrer\">Bayerische Staatskanzlei<\/a><\/p>\n<p><a href=\"https:\/\/www.br.de\/index.html\" target=\"_blank\" rel=\"noopener noreferrer\">Bayerischer Rundfunk<\/a><\/p>\n<p><a href=\"https:\/\/www.hff-muenchen.de\" target=\"_blank\" rel=\"noopener noreferrer\">Hochschule f\u00fcr Fernsehen und Film M\u00fcnchen<\/a><\/p>\n<p>&nbsp;<\/p>\n<p><strong>In Zusammenarbeit mit:<\/strong><\/p>\n<p><a href=\"https:\/\/www.hff-muenchen.de\/de_de\/freundeskreis\" target=\"_blank\" rel=\"noopener noreferrer\">Freundeskreis der HFF M\u00fcnchen e.V.<\/a><\/p>\n<p>&nbsp;<\/p>\n<p><strong>Kooperationspartner:<\/strong><\/p>\n<p><a href=\"http:\/\/www.schwarzfoundation.com\/de\/schwarzfoundation.html\" target=\"_blank\" rel=\"noopener noreferrer\">Schwarz Foundation<\/a>, M\u00fcnchen<\/p>\n<p><a href=\"https:\/\/www.dornierstiftung.de\" target=\"_blank\" rel=\"noopener noreferrer\">Dornier Stiftung<\/a>, M\u00fcnchen<\/p>\n<p><a href=\"https:\/\/www.filmkunst.steiermark.at\" target=\"_blank\" rel=\"noopener noreferrer\">CINEART<\/a> Steiermark<\/p>\n<p><a href=\"https:\/\/www.graz.at\" target=\"_blank\" rel=\"noopener noreferrer\">Stadt Graz<\/a>[\/vc_column_text][\/vc_column_inner][\/vc_row_inner][vc_empty_space empty_h=&#8220;2&#8243;][vc_row_inner][vc_column_inner width=&#8220;1\/3&#8243;][vc_single_image media=&#8220;85130&#8243; media_width_percent=&#8220;100&#8243; media_link=&#8220;url:https%3A%2F%2Fwww.stmd.bayern.de%2F|target:_blank&#8220; uncode_shortcode_id=&#8220;137247&#8243;][\/vc_column_inner][vc_column_inner width=&#8220;1\/3&#8243;][vc_single_image media=&#8220;1407&#8243; media_width_percent=&#8220;100&#8243; media_link=&#8220;url:https%3A%2F%2Fwww.br.de%2Findex.html|target:_blank&#8220;][\/vc_column_inner][vc_column_inner width=&#8220;1\/3&#8243;][vc_single_image media=&#8220;1383&#8243; media_width_percent=&#8220;100&#8243; media_link=&#8220;url:https%3A%2F%2Fwww.hff-muenchen.de%2F|target:_blank&#8220;][\/vc_column_inner][\/vc_row_inner][vc_row_inner][vc_column_inner width=&#8220;1\/2&#8243;][vc_single_image media=&#8220;1710&#8243; media_width_percent=&#8220;85&#8243; alignment=&#8220;center&#8220; media_link=&#8220;url:https%3A%2F%2Fwww.fff-bayern.de%2Fde.html|target:_blank&#8220;][\/vc_column_inner][vc_column_inner width=&#8220;1\/2&#8243;][vc_single_image media=&#8220;1417&#8243; media_width_percent=&#8220;85&#8243; alignment=&#8220;center&#8220; media_link=&#8220;url:https%3A%2F%2Fwww.hff-muenchen.de%2Fde_de%2Ffreundeskreis|target:_blank&#8220;][\/vc_column_inner][\/vc_row_inner][vc_row_inner][vc_column_inner width=&#8220;1\/2&#8243;][vc_single_image media=&#8220;1384&#8243; media_width_percent=&#8220;75&#8243; alignment=&#8220;center&#8220; media_link=&#8220;url:http%3A%2F%2Fwww.schwarzfoundation.com%2Fde%2Fschwarzfoundation.html|target:_blank&#8220;][\/vc_column_inner][vc_column_inner width=&#8220;1\/2&#8243;][vc_single_image media=&#8220;85166&#8243; media_width_percent=&#8220;75&#8243; alignment=&#8220;center&#8220; media_link=&#8220;url:https%3A%2F%2Fwww.dornierstiftung.de%2F|target:_blank&#8220; uncode_shortcode_id=&#8220;150010&#8243;][\/vc_column_inner][\/vc_row_inner][vc_row_inner][vc_column_inner width=&#8220;1\/2&#8243;][vc_single_image media=&#8220;1385&#8243; media_width_percent=&#8220;65&#8243; alignment=&#8220;center&#8220; media_link=&#8220;url:https%3A%2F%2Fwww.filmkunst.steiermark.at%2F|target:_blank&#8220;][\/vc_column_inner][vc_column_inner width=&#8220;1\/2&#8243;][vc_single_image media=&#8220;1382&#8243; media_width_percent=&#8220;65&#8243; alignment=&#8220;center&#8220; media_link=&#8220;url:https%3A%2F%2Fwww.graz.at%2F|target:_blank&#8220;][\/vc_column_inner][\/vc_row_inner][\/vc_column][\/vc_row]<\/p>\n<\/div>","protected":false},"excerpt":{"rendered":"<p>[vc_row][vc_column][vc_single_image media=&#8220;378&#8243; media_width_percent=&#8220;100&#8243;][vc_column_text] STAB &amp; ORGANISATION Informationen \u00fcber Tr\u00e4ger und Organisation der Drehbuchwerkstatt M\u00fcnchen. [vc_icon display=&#8220;inline&#8220; icon=&#8220;fa fa-chain&#8220; heading_semantic=&#8220;div&#8220; text_size=&#8220;&#8220;][\/vc_icon]siehe [&hellip;]<\/p>\n","protected":false},"author":1,"featured_media":0,"parent":0,"menu_order":0,"comment_status":"closed","ping_status":"closed","template":"","meta":{"footnotes":""},"class_list":["post-944","page","type-page","status-publish","hentry"],"_links":{"self":[{"href":"https:\/\/www.drehbuchwerkstatt.de\/relaunch\/wp-json\/wp\/v2\/pages\/944","targetHints":{"allow":["GET"]}}],"collection":[{"href":"https:\/\/www.drehbuchwerkstatt.de\/relaunch\/wp-json\/wp\/v2\/pages"}],"about":[{"href":"https:\/\/www.drehbuchwerkstatt.de\/relaunch\/wp-json\/wp\/v2\/types\/page"}],"author":[{"embeddable":true,"href":"https:\/\/www.drehbuchwerkstatt.de\/relaunch\/wp-json\/wp\/v2\/users\/1"}],"replies":[{"embeddable":true,"href":"https:\/\/www.drehbuchwerkstatt.de\/relaunch\/wp-json\/wp\/v2\/comments?post=944"}],"version-history":[{"count":66,"href":"https:\/\/www.drehbuchwerkstatt.de\/relaunch\/wp-json\/wp\/v2\/pages\/944\/revisions"}],"predecessor-version":[{"id":86972,"href":"https:\/\/www.drehbuchwerkstatt.de\/relaunch\/wp-json\/wp\/v2\/pages\/944\/revisions\/86972"}],"wp:attachment":[{"href":"https:\/\/www.drehbuchwerkstatt.de\/relaunch\/wp-json\/wp\/v2\/media?parent=944"}],"curies":[{"name":"wp","href":"https:\/\/api.w.org\/{rel}","templated":true}]}}

Drehbuchwerkstatt München | stab &#038; organisation

<div class="wpb-content-wrapper"><p>[vc_row][vc_column][vc_single_image media=&#8220;378&#8243; media_width_percent=&#8220;100&#8243;][vc_column_text]</p>
<h1>STAB &amp; ORGANISATION</h1>
<p><b>Informationen über Träger und Organisation der Drehbuchwerkstatt München.</b></p>
<hr />
<p>[vc_icon display=&#8220;inline&#8220; icon=&#8220;fa fa-chain&#8220; heading_semantic=&#8220;div&#8220; text_size=&#8220;&#8220;][/vc_icon]<a href="https://www.drehbuchwerkstatt.de/relaunch/drehbuchwerkstatt-muenchen-ueber-uns/">siehe auch &#8222;Über uns&#8220;</a>[/vc_column_text][/vc_column][/vc_row][vc_row][vc_column width=&#8220;1/1&#8243;][vc_row_inner][vc_column_inner width=&#8220;1/2&#8243;][vc_column_text][vc_custom_heading heading_semantic=&#8220;h4&#8243; text_size=&#8220;h4&#8243; text_weight=&#8220;300&#8243; text_transform=&#8220;uppercase&#8220; separator=&#8220;yes&#8220; separator_color=&#8220;yes&#8220;]DREHBUCHWERKSTATT MÜNCHEN[/vc_custom_heading][/vc_column_text][/vc_column_inner][vc_column_inner width=&#8220;1/2&#8243;][vc_column_text uncode_shortcode_id=&#8220;667587&#8243;]<strong>Kino/Fernsehfilm | Serie | dok.art | Audience:First storytelling lab</strong></p>
<p>&nbsp;</p>
<p><strong>Gesamtleitung:</strong></p>
<p>Professorin Michaela Kezele</p>
<p>Professor Hubert von Spreti</p>
<p><strong>Geschäftsstelle | Öffentlichkeitsarbeit | Lehrprogramm:</strong></p>
<p>Sigrid Brücher</p>
<p>Mareike Lindenmeyer</p>
<p><strong>dok.art:</strong></p>
<p>Thomas Riedelsheimer, Projektleitung</p>
<p>Alyssa Koske</p>
<p><strong>audience:first storytelling lab:</strong></p>
<p>Julia Zantl, Projektleitung[/vc_column_text][vc_empty_space empty_h=&#8220;2&#8243;][/vc_column_inner][/vc_row_inner][vc_row_inner][vc_column_inner width=&#8220;1/2&#8243;][vc_column_text][vc_custom_heading heading_semantic=&#8220;h4&#8243; text_size=&#8220;h4&#8243; text_weight=&#8220;300&#8243; text_transform=&#8220;uppercase&#8220; separator=&#8220;yes&#8220; separator_color=&#8220;yes&#8220;]TRÄGER &amp; KOOPERATIONEN[/vc_custom_heading][/vc_column_text][/vc_column_inner][vc_column_inner width=&#8220;1/2&#8243;][vc_column_text uncode_shortcode_id=&#8220;188668&#8243;]<strong>Träger:</strong></p>
<p><a href="https://www.bayern.de" target="_blank" rel="noopener noreferrer">Bayerische Staatskanzlei</a></p>
<p><a href="https://www.br.de/index.html" target="_blank" rel="noopener noreferrer">Bayerischer Rundfunk</a></p>
<p><a href="https://www.hff-muenchen.de" target="_blank" rel="noopener noreferrer">Hochschule für Fernsehen und Film München</a></p>
<p>&nbsp;</p>
<p><strong>In Zusammenarbeit mit:</strong></p>
<p><a href="https://www.hff-muenchen.de/de_de/freundeskreis" target="_blank" rel="noopener noreferrer">Freundeskreis der HFF München e.V.</a></p>
<p>&nbsp;</p>
<p><strong>Kooperationspartner:</strong></p>
<p><a href="http://www.schwarzfoundation.com/de/schwarzfoundation.html" target="_blank" rel="noopener noreferrer">Schwarz Foundation</a>, München</p>
<p><a href="https://www.dornierstiftung.de" target="_blank" rel="noopener noreferrer">Dornier Stiftung</a>, München</p>
<p><a href="https://www.filmkunst.steiermark.at" target="_blank" rel="noopener noreferrer">CINEART</a> Steiermark</p>
<p><a href="https://www.graz.at" target="_blank" rel="noopener noreferrer">Stadt Graz</a>[/vc_column_text][/vc_column_inner][/vc_row_inner][vc_empty_space empty_h=&#8220;2&#8243;][vc_row_inner][vc_column_inner width=&#8220;1/3&#8243;][vc_single_image media=&#8220;85130&#8243; media_width_percent=&#8220;100&#8243; media_link=&#8220;url:https%3A%2F%2Fwww.stmd.bayern.de%2F|target:_blank&#8220; uncode_shortcode_id=&#8220;137247&#8243;][/vc_column_inner][vc_column_inner width=&#8220;1/3&#8243;][vc_single_image media=&#8220;1407&#8243; media_width_percent=&#8220;100&#8243; media_link=&#8220;url:https%3A%2F%2Fwww.br.de%2Findex.html|target:_blank&#8220;][/vc_column_inner][vc_column_inner width=&#8220;1/3&#8243;][vc_single_image media=&#8220;1383&#8243; media_width_percent=&#8220;100&#8243; media_link=&#8220;url:https%3A%2F%2Fwww.hff-muenchen.de%2F|target:_blank&#8220;][/vc_column_inner][/vc_row_inner][vc_row_inner][vc_column_inner width=&#8220;1/2&#8243;][vc_single_image media=&#8220;1710&#8243; media_width_percent=&#8220;85&#8243; alignment=&#8220;center&#8220; media_link=&#8220;url:https%3A%2F%2Fwww.fff-bayern.de%2Fde.html|target:_blank&#8220;][/vc_column_inner][vc_column_inner width=&#8220;1/2&#8243;][vc_single_image media=&#8220;1417&#8243; media_width_percent=&#8220;85&#8243; alignment=&#8220;center&#8220; media_link=&#8220;url:https%3A%2F%2Fwww.hff-muenchen.de%2Fde_de%2Ffreundeskreis|target:_blank&#8220;][/vc_column_inner][/vc_row_inner][vc_row_inner][vc_column_inner width=&#8220;1/2&#8243;][vc_single_image media=&#8220;1384&#8243; media_width_percent=&#8220;75&#8243; alignment=&#8220;center&#8220; media_link=&#8220;url:http%3A%2F%2Fwww.schwarzfoundation.com%2Fde%2Fschwarzfoundation.html|target:_blank&#8220;][/vc_column_inner][vc_column_inner width=&#8220;1/2&#8243;][vc_single_image media=&#8220;85166&#8243; media_width_percent=&#8220;75&#8243; alignment=&#8220;center&#8220; media_link=&#8220;url:https%3A%2F%2Fwww.dornierstiftung.de%2F|target:_blank&#8220; uncode_shortcode_id=&#8220;150010&#8243;][/vc_column_inner][/vc_row_inner][vc_row_inner][vc_column_inner width=&#8220;1/2&#8243;][vc_single_image media=&#8220;1385&#8243; media_width_percent=&#8220;65&#8243; alignment=&#8220;center&#8220; media_link=&#8220;url:https%3A%2F%2Fwww.filmkunst.steiermark.at%2F|target:_blank&#8220;][/vc_column_inner][vc_column_inner width=&#8220;1/2&#8243;][vc_single_image media=&#8220;1382&#8243; media_width_percent=&#8220;65&#8243; alignment=&#8220;center&#8220; media_link=&#8220;url:https%3A%2F%2Fwww.graz.at%2F|target:_blank&#8220;][/vc_column_inner][/vc_row_inner][/vc_column][/vc_row]</p>
</div>

<p>[vc_row][vc_column][vc_single_image media=&#8220;378&#8243; media_width_percent=&#8220;100&#8243;][vc_column_text] STAB &amp; ORGANISATION Informationen über Träger und Organisation der Drehbuchwerkstatt München. [vc_icon display=&#8220;inline&#8220; icon=&#8220;fa fa-chain&#8220; heading_semantic=&#8220;div&#8220; text_size=&#8220;&#8220;][/vc_icon]siehe [&hellip;]</p>
