{"id":1815,"date":"2023-03-30T18:12:27","date_gmt":"2023-03-30T16:12:27","guid":{"rendered":"https:\/\/www.drehbuchwerkstatt.de\/relaunch\/?page_id=1815"},"modified":"2024-03-08T07:18:24","modified_gmt":"2024-03-08T06:18:24","slug":"drehbuchwerkstatt-muenchen-1stmovie","status":"publish","type":"page","link":"https:\/\/www.drehbuchwerkstatt.de\/relaunch\/drehbuchwerkstatt-muenchen-1stmovie\/","title":{"rendered":"Drehbuchwerkstatt M\u00fcnchen | Bewerbung f\u00fcr 1st Movie!"},"content":{"rendered":"<div class=\"wpb-content-wrapper\"><p>[vc_row][vc_column width=&#8220;1\/1&#8243;][vc_single_image media=&#8220;1983&#8243; media_width_percent=&#8220;100&#8243;][\/vc_column][\/vc_row][vc_row][vc_column width=&#8220;1\/2&#8243;][vc_column_text uncode_shortcode_id=&#8220;125005&#8243;]<\/p>\n<h1>1st Movie: Unser &#8222;Startup&#8220; f\u00fcr Deb\u00fctfilmer*innen!<\/h1>\n<p><img decoding=\"async\" class=\"alignleft wp-image-1946\" src=\"https:\/\/www.drehbuchwerkstatt.de\/relaunch\/wp-content\/uploads\/2022\/04\/dbw_pics_quader_1stmovie_logo5-300x300.jpg\" alt=\"\" width=\"148\" height=\"148\" srcset=\"https:\/\/www.drehbuchwerkstatt.de\/relaunch\/wp-content\/uploads\/2022\/04\/dbw_pics_quader_1stmovie_logo5-300x300.jpg 300w, https:\/\/www.drehbuchwerkstatt.de\/relaunch\/wp-content\/uploads\/2022\/04\/dbw_pics_quader_1stmovie_logo5-1024x1024.jpg 1024w, https:\/\/www.drehbuchwerkstatt.de\/relaunch\/wp-content\/uploads\/2022\/04\/dbw_pics_quader_1stmovie_logo5-150x150.jpg 150w, https:\/\/www.drehbuchwerkstatt.de\/relaunch\/wp-content\/uploads\/2022\/04\/dbw_pics_quader_1stmovie_logo5-768x768.jpg 768w, https:\/\/www.drehbuchwerkstatt.de\/relaunch\/wp-content\/uploads\/2022\/04\/dbw_pics_quader_1stmovie_logo5.jpg 1080w\" sizes=\"(max-width: 148px) 100vw, 148px\" \/><strong>Das 1st-MOVIE Programm der Drehbuchwerkstatt Mu\u0308nchen ist ein ma\u00dfgeschneidertes Angebot f\u00fcr Absolvent*innen (Drehbuch od. Regie) deutschsprachiger Filmhochschule ihr Deb\u00fctfilmprojekt unter professioneller Betreuung innerhalb eines knappen Jahres zur Drehreife zu entwickeln. <\/strong><\/p>\n<p>Ausdru\u0308cklich sind auch Team-Bewerbungen erw\u00fcnscht (* Details siehe unten). Bei einem Treatment startend soll am Ende des Jahres ein drehfertiges Buch mit einem kompletten \u201eeinreichf\u00e4higem Package\u201c stehen.<\/p>\n<p>Das 1stMOVIE-Programm endet im Sommer 2025 mit einer \u00f6ffentlichen Pr\u00e4sentation der Projekte.<\/p>\n<p>Die Bewerbungsphase l\u00e4uft bis 15. M\u00e4rz 2024 (Bewerbungs-Formalit\u00e4ten siehe unten!).<\/p>\n<p>&nbsp;<\/p>\n<p><strong>Wir freuen uns auf Ihre Bewerbung und w\u00fcnschen Ihnen viel Erfolg!<\/strong>[\/vc_column_text][vc_button button_color=&#8220;accent&#8220; outline=&#8220;yes&#8220; border_width=&#8220;0&#8243; link=&#8220;url:https%3A%2F%2Fwww.drehbuchwerkstatt.de%2Frelaunch%2Fwp-content%2Fuploads%2F2023%2F12%2FBewerbung_1stmovie_2024_Anmeldeformular.pdf|target:_blank&#8220; button_color_type=&#8220;uncode-palette&#8220; uncode_shortcode_id=&#8220;194295&#8243;]ANMELDEFORMULAR HERUNTERLADEN[\/vc_button][vc_separator sep_color=&#8220;,Default&#8220;][vc_column_text](* <strong>TEAM-BEWERBUNGEN:<\/strong> Ein Teammitglied muss zwingend Regie- oder Drehbuchabsolvent*in einer deutschsprachigen Filmhochschule sein; alle anderen Departements (Kamera, Produktion etc.) sind willkommen! Jedes Teammitglied muss sich mit Vita und Filmografie, sowie einem einseitigen Statement zum Projekt vorstellen. Zudem muss die Projektbeschreibung beinhalten, wie genau die Arbeitsteilung im Team funktioniert.)[\/vc_column_text][\/vc_column][vc_column width=&#8220;1\/2&#8243;][vc_single_image media=&#8220;85062&#8243; media_width_percent=&#8220;100&#8243; uncode_shortcode_id=&#8220;198739&#8243;][vc_single_image media=&#8220;1967&#8243; media_width_percent=&#8220;100&#8243;][\/vc_column][\/vc_row][vc_row][vc_column][vc_accordion typography=&#8220;yes&#8220; sign=&#8220;plus&#8220; active_tab=&#8220;0&#8243;][vc_accordion_tab gutter_size=&#8220;2&#8243; column_padding=&#8220;2&#8243; title=&#8220;Programm&#8220; tab_id=&#8220;1603395190-1-40&#8243;][vc_column_text]<\/p>\n<h1>Programm<\/h1>\n<p>1st Movie bietet einen klar strukturierten Aufbau in einzelnen, aufeinander abgestimmten Modulen: Der erste Abschnitt (Schwerpunkt: Drehbuchentwicklung) bietet eine intensive und individuelle Betreuung in der Stoffentwicklungsphase. Im zweiten Abschnitt (Schwerpunkt: Packaging) wird das Regiekonzept (formal\/\u00e4sthetische Umsetzung, Cast, Look&amp;Feel etc.) entwickelt.<\/p>\n<p>Insgesamt bietet das Programm:<\/p>\n<ul>\n<li>2 Intensivworkshops<\/li>\n<li>6 gemeinsame JOUR FIXE-Termine (ganztags\/ alle 2 Monate)<\/li>\n<li>Individuell vereinbarte Besprechungstermine mit den Betreuern<\/li>\n<li>Optionale Teilnahme an Workshops\/Inputs der Drehbuchfortbildung der DBWM<\/li>\n<\/ul>\n<p>Es fallen keine Teilnahmegeb\u00fchren an![\/vc_column_text][\/vc_accordion_tab][vc_accordion_tab gutter_size=&#8220;2&#8243; column_padding=&#8220;2&#8243; title=&#8220;Fristen &amp; Termine&#8220; tab_id=&#8220;1603395190-2-41&#8243;][vc_column_text uncode_shortcode_id=&#8220;906931&#8243;]<\/p>\n<h1>Fristen &amp; Termine<\/h1>\n<p>Der Bewerbungszeitraum f\u00fcr das Aufnahmeverfahren von 1st Movie an der Drehbuchwerkstatt M\u00fcnchen endet am 1. M\u00e4rz 2024 (24.00 Uhr).[\/vc_column_text][\/vc_accordion_tab][vc_accordion_tab gutter_size=&#8220;2&#8243; column_padding=&#8220;2&#8243; title=&#8220;Bewerbung&#8220; tab_id=&#8220;1603395360452-2-5&#8243;][vc_column_text uncode_shortcode_id=&#8220;113853&#8243;]<\/p>\n<h1>Bewerbung<\/h1>\n<p>Hier finden Sie die aktuellen Bewerbungsunterlagen f\u00fcr das 1st MOVIE Programm 2024. Das <a href=\"https:\/\/www.drehbuchwerkstatt.de\/relaunch\/wp-content\/uploads\/2023\/12\/Bewerbung_1stmovie_2024_Anmeldeformular.pdf\" target=\"_blank\" rel=\"noopener\">offizielle Anmeldungsformular<\/a> k\u00f6nnen Sie herunterladen und entweder handschriftlich oder digital ausf\u00fcllen. Alle weiteren Schritte entnehmen Sie bitte dem Formular oder \u00fcber untenstehende Karteireiter.[\/vc_column_text][vc_button button_color=&#8220;accent&#8220; outline=&#8220;yes&#8220; border_width=&#8220;0&#8243; link=&#8220;url:https%3A%2F%2Fwww.drehbuchwerkstatt.de%2Frelaunch%2Fwp-content%2Fuploads%2F2023%2F12%2FBewerbung_1stmovie_2024_Anmeldeformular.pdf|target:_blank&#8220; button_color_type=&#8220;uncode-palette&#8220; uncode_shortcode_id=&#8220;159318&#8243;]ANMELDE-FORMULAR 1STMOVIE HERUNTERLADEN![\/vc_button][vc_empty_space empty_h=&#8220;2&#8243;][vc_column_text uncode_shortcode_id=&#8220;185469&#8243;]Zus\u00e4tzlich zu Ihrem Anmeldungsformular ben\u00f6tigen wir folgende Unterlagen von Ihnen:<\/p>\n<ul>\n<li>Teilnehmer*innen-Erkl\u00e4rung laut Vorlage (entspricht unterschriebenem Anmeldebogen)<\/li>\n<li>Kopie des Abschlusszeugnisses der Fachrichtungen Drehbuch oder Regie einer deutschsprachiger Filmhochschule.<\/li>\n<li>Lebenslauf\/Filmografie<\/li>\n<li>Synopsis der Geschichte (max. 3 Seiten DIN A4, Schriftgr\u00f6\u00dfe 11pt)<\/li>\n<li>Treatment (ca. 20 Seiten DIN A4, Schriftgr\u00f6\u00dfe 11pt)<\/li>\n<li>Rechteerkl\u00e4rung zum Stoff (Nachweis der Urheber- bzw. Werknutzungsrechte &#8211; der Stoff muss frei von Rechten Dritter sein!)<\/li>\n<li>Nachweise \u00fcber bisherige F\u00f6rdereinreichungen<\/li>\n<li>Autor*innen-Statement zum Stoff<\/li>\n<li>Regie-Statement zum Stoff<\/li>\n<\/ul>\n<p>&nbsp;<\/p>\n<p>Ihre Bewerbungsunterlagen schicken Sie bitte in o.g. Zeitraum in <strong>einem einzigen PDF-Dokument zusammengefasst<\/strong> per Email an<\/p>\n<p style=\"text-align: center;\"><a href=\"mailto:1stmoviedbwm@hff-muc.de\">1stmoviedbwm@hff-muc.de<\/a><\/p>\n<p>Der Dateiname Ihrer PDF muss der Betreffzeile Ihrer Email an uns entsprechen:<\/p>\n<p style=\"text-align: center;\"><strong><span style=\"color: #33cccc;\">IHR NACHNAME IN GROSSBUCHSTABEN<\/span> + &#8222;<span style=\"color: #33cccc;\">.<\/span>&#8220; + &#8222;<span style=\"color: #33cccc;\">V(ORNAME)<\/span>&#8220; + &#8222;<span style=\"color: #33cccc;\">__Bewerbung_1stmovieDBWM_2024-25<\/span>&#8220; + &#8222;<span style=\"color: #33cccc;\">.pdf<\/span>&#8222;<\/strong><\/p>\n<p>Beispiel: \u201eWEBER.S_Bewerbung_1stmovieDBWM_2024-25.pdf\u201c<\/p>\n<p>Benutzen Sie bitte exakt diese Zeichenkette im Betreff, anderenfalls kann die Bewerbung leider nicht ber\u00fccksichtigt werden![\/vc_column_text][\/vc_accordion_tab][vc_accordion_tab gutter_size=&#8220;2&#8243; column_padding=&#8220;2&#8243; title=&#8220;Bewerbungsverfahren&#8220; tab_id=&#8220;1603395414075-3-8&#8243;][vc_column_text uncode_shortcode_id=&#8220;122801&#8243;]<\/p>\n<h1>Bewerbungsverfahren<\/h1>\n<p>Das Aufnahmeverfahren von 1st Movie an der Drehbuchwerkstatt M\u00fcnchen findet in folgenden Schritten statt:<\/p>\n<ul>\n<li>Schriftliche Bewerbung (ausschlie\u00dflich digital!) bis 1.3.2024 (0.00Uhr)<\/li>\n<li>Vorauswahl durch die Pr\u00fcfungskommission.<\/li>\n<\/ul>\n<p>[\/vc_column_text][\/vc_accordion_tab][vc_accordion_tab gutter_size=&#8220;2&#8243; column_padding=&#8220;2&#8243; title=&#8220;Datenschutz&#8220; tab_id=&#8220;1603395523142-5-0&#8243;][vc_column_text]DATENSCHUTZHINWEISE ZUR VERARBEITUNG VON PERSONENBEZOGENEN DATEN IM RAHMEN IHRER BEWERBUNG F\u00dcR EIN TEILNAHME AM PROGRAMM DER DREHBUCHWERKSTATT M\u00dcNCHEN<\/p>\n<p>Im Folgenden informieren wir Sie nach Artikel der 13 Datenschutz-Grundverordnung (DSGVO) \u00fcber die Erhebung personenbezogener Daten im Rahmen des Aufnahmeverfahrens zur Teilnahme am Programm der Drehbuchwerkstatt M\u00fcnchen.<\/p>\n<p>VERANRWORTLICHE STELLE<\/p>\n<p>Drehbuchwerkstatt M\u00fcnchen<\/p>\n<p>Hochschule f\u00fcr Fernsehen und Film<\/p>\n<p>Bernd-Eichinger-Platz 1<\/p>\n<p>80333 M\u00fcnchen<\/p>\n<p>drehbuchwerkstatt@hff-muc.de<\/p>\n<p>&nbsp;<\/p>\n<p>Gesetzliche Vertreter sind Prof. Hubert von Spreti und Prof. Andreas Gruber, Kontaktdaten s.o.<\/p>\n<p>KONTAKTDATEN DEN DATENSCHUTZBEAUFTRAGTEN<\/p>\n<p>Sigrid Br\u00fccher, Kontaktdaten s.o.<\/p>\n<p>ZWECK UND RECHTSGRUNDLAGE<\/p>\n<p>Ihre Daten werden ausschlie\u00dflich f\u00fcr folgende Zwecke verwendet:<\/p>\n<p>Durchf\u00fchrung des Aufnahmeverfahrens, ggf. Zulassung.<\/p>\n<p>Folgende personenbezogene Daten werden in den genannten Verfahren von Ihnen erhoben und verarbeitet:<\/p>\n<p>Stamm- und Kontaktdaten, Schul- und Studiumsdaten (z. B. Abschluss, Leistungen aus dem schulischen Bereich, bisherige Studienleistungen), ggf. berufliche Daten (Zeugnisse, Praktikumsbescheinigungen o. \u00c4.) sowie k\u00fcnstlerische Proben.<\/p>\n<p>Rechtsgrundlage der Datenverarbeitung sind Art. 6 Abs. 2 Datenschutz-Grundverordnung und Art. 4 Abs. 1 Bayerisches Datenschutzgesetz.<\/p>\n<p>Ihre Daten werden unter Beachtung der Datenschutzgrundverordnung und des Bayerischen Datenschutzgesetzes verarbeitet.<\/p>\n<p>EMPF\u00c4NGER DER PERSONENBEZOGENEN DATEN<\/p>\n<p>Zust\u00e4ndige Organisationseinheiten der Drehbuchwerkstatt M\u00fcnchen sowie die Mitglieder der Vorauswahl- sowie der Hauptauswahlkommission zum n\u00e4chsten Drehbuchjahr, welche im Benehmen mit den Tr\u00e4gern der Drehbuchwerkstatt M\u00fcnchen von deren Leitung benannt wurden.<\/p>\n<p>\u00dcBERMITTLUNG PERSONENBEZOGENER DATEN<\/p>\n<p>Soweit ihre pers\u00f6nlichen Daten elektronisch verarbeitet und gespeichert werden, erfolgt der technische Betrieb unserer Datenverabeitungssysteme durch das Leibniz Rechenzentrum der Bayerischen Akademie der Wissenschaften sowie vermittels der Rechner der Drehbuchwerkstatt M\u00fcnchen selbst.<\/p>\n<p>DAUER DER SPEICHERUNG DER PERSONENBEZOGENEN DATEN<\/p>\n<p>Wir speichern Ihre personenbezogenen Daten nicht l\u00e4nger, als es f\u00fcr die genannten Zwecke notwendig ist.<\/p>\n<p>Daten, welche der gesetzlichen Aufbewahrungsfrist unterliegen, werden nach deren Ablauf gel\u00f6scht.<\/p>\n<p>BETROFFENENRECHTE<\/p>\n<p>Werden Ihre personenbezogenen Daten verarbeitet, so haben Sie das Recht, Auskunft \u00fcber die zu Ihrer Person gespeicherten Daten zu erhalten (Art. 15 DSGVO).<\/p>\n<p>Sollten unrichtige personenbezogene Daten verarbeitet werden, steht Ihnen ein Recht auf Berichtigung zu (Art. 16 DSGVO).<\/p>\n<p>Liegen die gesetzlichen Voraussetzungen vor, so k\u00f6nnen Sie die L\u00f6schung oder Einschr\u00e4nkung der Verarbeitung verlangen sowie Widerspruch gegen die Verarbeitung einlagen (Art. 17, 18 und 21 DSGVO).<\/p>\n<p>Sollten Sie von Ihren oben genannten Rechten Gebrauch machen, pr\u00fcfen wir, ob die gesetzlichen Voraussetzungen hierf\u00fcr erf\u00fcllt sind.<\/p>\n<p>Weiterhin haben Sie ein Beschwerderecht beim Bayerischen Landesbeauftragten f\u00fcr den Datenschutz.[\/vc_column_text][\/vc_accordion_tab][\/vc_accordion][vc_column_text uncode_shortcode_id=&#8220;387691&#8243;]<\/p>\n<h2>Offizielles Bewerbungsformular<\/h2>\n<p>Bitte ausf\u00fcllen (per Hand oder in einem PDF-Viewer), ausgef\u00fcllt ausdrucken und unterschrieben als PDF an uns mailen. Genauere Daten entnehmen Sie bitte Seite 2 des Formulares. Hier unser <a href=\"https:\/\/www.drehbuchwerkstatt.de\/relaunch\/wp-content\/uploads\/2023\/12\/Bewerbung_1stmovie_2024_Anmeldeformular.pdf\" target=\"_blank\" rel=\"noopener noreferrer\">Anmeldeformular<\/a> in der Vorschau (druckbar):<\/p>\n<hr \/>\n<div class=\"real3dflipbook\" id=\"17_69f71133d99b1\" style=\"position:absolute;\"><\/div>[\/vc_column_text][\/vc_column][\/vc_row]<\/p>\n<\/div>","protected":false},"excerpt":{"rendered":"<p>Drehbuchwerkstatt M\u00fcnchen | Bewerbung f\u00fcr 1st Movie!<\/p>\n","protected":false},"author":1,"featured_media":84379,"parent":0,"menu_order":0,"comment_status":"closed","ping_status":"closed","template":"","meta":{"footnotes":""},"class_list":["post-1815","page","type-page","status-publish","has-post-thumbnail","hentry","page_category-bewerbung","page_category-schaufenster"],"_links":{"self":[{"href":"https:\/\/www.drehbuchwerkstatt.de\/relaunch\/wp-json\/wp\/v2\/pages\/1815","targetHints":{"allow":["GET"]}}],"collection":[{"href":"https:\/\/www.drehbuchwerkstatt.de\/relaunch\/wp-json\/wp\/v2\/pages"}],"about":[{"href":"https:\/\/www.drehbuchwerkstatt.de\/relaunch\/wp-json\/wp\/v2\/types\/page"}],"author":[{"embeddable":true,"href":"https:\/\/www.drehbuchwerkstatt.de\/relaunch\/wp-json\/wp\/v2\/users\/1"}],"replies":[{"embeddable":true,"href":"https:\/\/www.drehbuchwerkstatt.de\/relaunch\/wp-json\/wp\/v2\/comments?post=1815"}],"version-history":[{"count":39,"href":"https:\/\/www.drehbuchwerkstatt.de\/relaunch\/wp-json\/wp\/v2\/pages\/1815\/revisions"}],"predecessor-version":[{"id":85128,"href":"https:\/\/www.drehbuchwerkstatt.de\/relaunch\/wp-json\/wp\/v2\/pages\/1815\/revisions\/85128"}],"wp:featuredmedia":[{"embeddable":true,"href":"https:\/\/www.drehbuchwerkstatt.de\/relaunch\/wp-json\/wp\/v2\/media\/84379"}],"wp:attachment":[{"href":"https:\/\/www.drehbuchwerkstatt.de\/relaunch\/wp-json\/wp\/v2\/media?parent=1815"}],"curies":[{"name":"wp","href":"https:\/\/api.w.org\/{rel}","templated":true}]}}