{"id":1619,"date":"2021-04-26T09:46:59","date_gmt":"2021-04-26T07:46:59","guid":{"rendered":"https:\/\/www.drehbuchwerkstatt.de\/relaunch\/?page_id=1619"},"modified":"2026-04-24T10:16:47","modified_gmt":"2026-04-24T08:16:47","slug":"drehbuchwerkstatt-muenchen-dokart-bewerbung","status":"publish","type":"page","link":"https:\/\/www.drehbuchwerkstatt.de\/relaunch\/drehbuchwerkstatt-muenchen-dokart-bewerbung\/","title":{"rendered":"Drehbuchwerkstatt M\u00fcnchen dok.art | bewerbung"},"content":{"rendered":"<div class=\"wpb-content-wrapper\"><p>[vc_row][vc_column][vc_single_image media=&#8220;1631&#8243; media_width_percent=&#8220;100&#8243;][vc_column_text uncode_shortcode_id=&#8220;241244&#8243;]<\/p>\n<h1>BEWERBUNG dok.art<\/h1>\n<p>Hier finden Sie unsere aktuellen Bewerbungs-Modalit\u00e4ten. Das offizielle <a href=\"https:\/\/www.drehbuchwerkstatt.de\/relaunch\/wp-content\/uploads\/2025\/03\/Bewerbung_dokart_2025_Anmeldeformular.pdf\" target=\"_blank\" rel=\"noopener noreferrer\">Bewerbungs-Formular<\/a> k\u00f6nnen Sie <a href=\"https:\/\/www.drehbuchwerkstatt.de\/relaunch\/wp-content\/uploads\/2025\/03\/Bewerbung_dokart_2025_Anmeldeformular.pdf\" target=\"_blank\" rel=\"noopener noreferrer\">herunterladen<\/a> und handschriftlich oder digital ausf\u00fcllen (editierbare PDF-Felder). Alle weiteren Schritte entnehmen Sie bitte aus dem Formular oder aus untenstehenden Karteireitern. Die Bewerbung l\u00e4uft vom 13. April bis 31. Mai 2026. Viel Gl\u00fcck![\/vc_column_text][vc_row_inner row_inner_height_percent=&#8220;0&#8243; overlay_alpha=&#8220;50&#8243; gutter_size=&#8220;3&#8243; shift_y=&#8220;0&#8243; z_index=&#8220;0&#8243;][vc_column_inner width=&#8220;1\/2&#8243;][vc_column_text uncode_shortcode_id=&#8220;998195&#8243;]<strong><img decoding=\"async\" class=\"alignnone wp-image-1435\" src=\"https:\/\/www.drehbuchwerkstatt.de\/relaunch\/wp-content\/uploads\/2020\/12\/dbw_einzelbereiche_dokart-300x201.jpg\" alt=\"\" width=\"100\" height=\"67\" srcset=\"https:\/\/www.drehbuchwerkstatt.de\/relaunch\/wp-content\/uploads\/2020\/12\/dbw_einzelbereiche_dokart-300x201.jpg 300w, https:\/\/www.drehbuchwerkstatt.de\/relaunch\/wp-content\/uploads\/2020\/12\/dbw_einzelbereiche_dokart-1024x686.jpg 1024w, https:\/\/www.drehbuchwerkstatt.de\/relaunch\/wp-content\/uploads\/2020\/12\/dbw_einzelbereiche_dokart-768x514.jpg 768w, https:\/\/www.drehbuchwerkstatt.de\/relaunch\/wp-content\/uploads\/2020\/12\/dbw_einzelbereiche_dokart.jpg 1290w\" sizes=\"(max-width: 100px) 100vw, 100px\" \/><\/strong><\/p>\n<h4>SCHRITT 1: DIE BASICS<\/h4>\n<p><a href=\"https:\/\/www.drehbuchwerkstatt.de\/relaunch\/wp-content\/uploads\/2025\/03\/Bewerbung_dokart_2025_Anmeldeformular.pdf\" target=\"_blank\" rel=\"noopener noreferrer\">Anmeldebogen<\/a>, Lebenslauf\u00a0und Filmografie, Link zu einem Referenzfilm, Liste mit bisherigen\u00a0Kooperationspartnern, Skizzierung der Projektidee[\/vc_column_text][\/vc_column_inner][vc_column_inner width=&#8220;1\/2&#8243;][vc_column_text uncode_shortcode_id=&#8220;147296&#8243;]<\/p>\n<h5><strong><img decoding=\"async\" class=\"alignnone wp-image-1435\" src=\"https:\/\/www.drehbuchwerkstatt.de\/relaunch\/wp-content\/uploads\/2020\/12\/dbw_einzelbereiche_dokart-300x201.jpg\" alt=\"\" width=\"100\" height=\"67\" srcset=\"https:\/\/www.drehbuchwerkstatt.de\/relaunch\/wp-content\/uploads\/2020\/12\/dbw_einzelbereiche_dokart-300x201.jpg 300w, https:\/\/www.drehbuchwerkstatt.de\/relaunch\/wp-content\/uploads\/2020\/12\/dbw_einzelbereiche_dokart-1024x686.jpg 1024w, https:\/\/www.drehbuchwerkstatt.de\/relaunch\/wp-content\/uploads\/2020\/12\/dbw_einzelbereiche_dokart-768x514.jpg 768w, https:\/\/www.drehbuchwerkstatt.de\/relaunch\/wp-content\/uploads\/2020\/12\/dbw_einzelbereiche_dokart.jpg 1290w\" sizes=\"(max-width: 100px) 100vw, 100px\" \/><\/strong><\/h5>\n<h4>SCHRITT 2: EINE PDF-DATEI<\/h4>\n<p>Alles in einer einzigen PDF an <a href=\"mailto:drehbuchwerkstatt@hff-muc.de\">drehbuchwerkstatt@hff-muc.de<\/a> senden[\/vc_column_text][\/vc_column_inner][\/vc_row_inner][vc_single_image media=&#8220;1626&#8243; media_width_percent=&#8220;100&#8243;][vc_accordion typography=&#8220;yes&#8220; sign=&#8220;plus&#8220; active_tab=&#8220;0&#8243;][vc_accordion_tab gutter_size=&#8220;2&#8243; column_padding=&#8220;2&#8243; title=&#8220;ALLGEMEINES&#8220; tab_id=&#8220;1603395190-1-40&#8243;][vc_column_text]Das dok.art Programm der Drehbuchwerkstatt M\u00fcnchen ist ein Nachwuchsf\u00f6rderprogramm. Es ist offen f\u00fcr alle Dokumentarfilmautor*innen, die einen Debutfilm nach der Ausbildung verwirklichen wollen. Auch dokumentarische Serienformate sind m\u00f6glich. Bewerber*innen k\u00f6nnen sich bis 5 Jahre nach Ende der Ausbildung\u00a0bewerben (Babypause nicht mit eingerechnet) und sollten nicht \u00e4lter als 40 Jahre sein. Die Seminarsprache ist Deutsch.<\/p>\n<p>Das Programm l\u00e4uft ein Jahr, mit der M\u00f6glichkeit der Verl\u00e4ngerung um ein weiteres Jahr. Entscheidungen \u00fcber eine Zulassung oder Verl\u00e4ngerung werden einmal\u00a0im Jahr durch ein Gremium gef\u00e4llt.[\/vc_column_text][\/vc_accordion_tab][vc_accordion_tab gutter_size=&#8220;2&#8243; column_padding=&#8220;2&#8243; title=&#8220;BEWERBUNGSFORMALIEN&#8220; tab_id=&#8220;1603395190-2-41&#8243;][vc_column_text uncode_shortcode_id=&#8220;125276&#8243;]Bitte laden Sie hier den Anmeldebogen herunter: <a href=\"https:\/\/www.drehbuchwerkstatt.de\/relaunch\/wp-content\/uploads\/2026\/03\/Bewerbung_dokart_2026_Anmeldeformular.pdf\" target=\"_blank\" rel=\"noopener noreferrer\">Anmeldebogen<\/a>\u00a0(PDF) &#8211; und f\u00fcllen ihn aus.<\/p>\n<p><br class=\"\" \/>a) Anmeldebogen<br class=\"\" \/><br class=\"\" \/>Zudem ben\u00f6tigen Sie:<br class=\"\" \/><br class=\"\" \/>b) Lebenslauf\/Filmografie mit Ausbildungs-, Fortbildungs- und Praktikabeschreibung.<br class=\"\" \/><br class=\"\" \/>c) einen funktionierenden Link auf einen Referenzfilm von Ihnen.<br class=\"\" \/><br class=\"\" \/>d) eine Liste mit Personen aus dem Dokumentarfilmsektor, mit denen Sie bereits gearbeitet haben.<br class=\"\" \/><br class=\"\" \/>e) eine kurze Beschreibung des Projektes, mit dem Sie sich bewerben (max 5 Seiten reiner Textanteil).<br class=\"\" \/><br class=\"\" \/>Bei Antrag auf Verl\u00e4ngerung m\u00fcssen eingereicht werden:<br class=\"\" \/><br class=\"\" \/>a) Anmeldebogen<br class=\"\" \/><br class=\"\" \/>b) Kurze aktuelle Projektbeschreibung mit Darstellung der Entwicklung des vergangenen Jahres, sowie der Darlegung der angestrebten Ziele f\u00fcr den weiteren Entwicklungszyklus.[\/vc_column_text][\/vc_accordion_tab][vc_accordion_tab gutter_size=&#8220;2&#8243; column_padding=&#8220;2&#8243; title=&#8220;FORMATIERUNG DER BEWERBUNG&#8220; tab_id=&#8220;1603395414075-3-8&#8243;][vc_column_text uncode_shortcode_id=&#8220;175238&#8243;]Bitte erstellen Sie von Ihren Unterlagen eine einzige PDF Datei.<\/p>\n<p>Der Dateiname Ihrer Bewerbungsunterlagen-PDF muss der Betreffzeile Ihrer Email an uns entsprechen:<\/p>\n<p>Ihr NACHNAME in GROSSBUCHSTABEN, dann einen Punkt, gefolgt von dem ersten Buchstaben Ihres Vornamens, gefolgt von &#8222;_Bewerbung_dokart_2026-27&#8220;.<\/p>\n<p>Beispiel: &#8222;WEBER.S_Bewerbung_dokart_2026-27.pdf&#8220;<\/p>\n<p>Benutzen Sie bitte genau diese Zeichenkette im Betreff, wenn Sie den Betreff abweichend texten oder formatieren, \u00fcbersieht\u00a0unser Filter Ihre Nachricht und Ihre Bewerbung geht nicht bei uns ein.<\/p>\n<p>Schicken Sie nun Ihre Bewerbung unbedingt nur in einer einzigen PDF-Datei an uns.<\/p>\n<p>Unsere Mail-Adresse lautet: <a href=\"mailto:drehbuchwerkstatt@hff-muc.de\">drehbuchwerkstatt@hff-muc.de<\/a>[\/vc_column_text][\/vc_accordion_tab][vc_accordion_tab gutter_size=&#8220;2&#8243; column_padding=&#8220;2&#8243; title=&#8220;FRISTEN UND TERMINE&#8220; tab_id=&#8220;1603395501332-4-4&#8243;][vc_column_text uncode_shortcode_id=&#8220;142644&#8243;]Der Bewerbungszeitraum f\u00fcr das Aufnahmeverfahren an der Drehbuchwerkstatt M\u00fcnchen beginnt am 13.4.2026 und endet am 31.5.2026.<br class=\"\" \/><br class=\"\" \/>Sie erhalten kurze Zeit sp\u00e4ter eine Nachricht \u00fcber den Fortgang Ihrer Bewerbung, sowie den Termin f\u00fcr die Auswahlsitzung.<br class=\"\" \/><br class=\"\" \/>Das Auswahlgremium tagt im Juli.<br class=\"\" \/><br class=\"\" \/>Mitte bis Ende Juli werden Sie \u00fcber den Ausgang ihrer Bewerbung informiert.<\/p>\n<p>Die Intensivwochen f\u00fcr den Jahrgang 2026\/2027 finden voraussichtlich vom 2. bis 6. November 2026 und vom 26. April bis 30. April 2027 statt.[\/vc_column_text][\/vc_accordion_tab][vc_accordion_tab gutter_size=&#8220;2&#8243; column_padding=&#8220;2&#8243; title=&#8220;BEWERBUNGSVERFAHREN&#8220; tab_id=&#8220;1603395679140-6-6&#8243;][vc_column_text]Das Aufnahmeverfahren an der Drehbuchwerkstatt M\u00fcnchen findet in folgenden Schritten statt:<\/p>\n<ul>\n<li>Bewerbung: Schriftliche Bewerbung mit Projektskizze<\/li>\n<li>Vorauswahl: Eine Vorauswahlkommission pr\u00fcft die eingereichten Bewerbungen und entscheidet, welche davon im n\u00e4chsten Schritt an die Jury der Gremiumssitzung weitergegeben werden. W\u00e4hrend der Vorauswahl k\u00f6nnen einzelne Bewerber*innen um ein pers\u00f6nliches Telefonat\/Online-Gespr\u00e4ch gebeten werden.<\/li>\n<li>Auswahl: Die Jury entscheidet in einer Gremiumssitzung welche Bewerber*innen zum dok.art Programm zugelassen werden. Optional findet w\u00e4hrend der Gremiumssitzung noch ein pers\u00f6nliches Telefonat\/Online-Gespr\u00e4ch mit einzelnen Bewerber*innen statt.<\/li>\n<\/ul>\n<p>[\/vc_column_text][\/vc_accordion_tab][vc_accordion_tab gutter_size=&#8220;2&#8243; column_padding=&#8220;2&#8243; title=&#8220;DATENSCHUTZ&#8220; tab_id=&#8220;1603395523142-5-0&#8243;][vc_column_text uncode_shortcode_id=&#8220;195071&#8243;]DATENSCHUTZHINWEISE ZUR VERARBEITUNG VON PERSONENBEZOGENEN DATEN IM RAHMEN IHRER BEWERBUNG F\u00dcR EIN TEILNAHME AM PROGRAMM DER DREHBUCHWERKSTATT M\u00dcNCHEN<\/p>\n<p>Im Folgenden informieren wir Sie nach Artikel der 13 Datenschutz-Grundverordnung (DSGVO) \u00fcber die Erhebung personenbezogener Daten im Rahmen des Aufnahmeverfahrens zur Teilnahme am Programm der Drehbuchwerkstatt M\u00fcnchen.<\/p>\n<p>VERANRWORTLICHE STELLE<\/p>\n<p>Drehbuchwerkstatt M\u00fcnchen<\/p>\n<p>Hochschule f\u00fcr Fernsehen und Film<\/p>\n<p>Bernd-Eichinger-Platz 1<\/p>\n<p>80333 M\u00fcnchen<\/p>\n<p>drehbuchwerkstatt@hff-muc.de<\/p>\n<p>&nbsp;<\/p>\n<p>Gesetzliche Vertreter sind Prof. Hubert von Spreti und Prof. Michaela Kezele, Kontaktdaten s.o.<\/p>\n<p>KONTAKTDATEN DEN DATENSCHUTZBEAUFTRAGTEN<\/p>\n<p>Sigrid Br\u00fccher, Kontaktdaten s.o.<\/p>\n<p>ZWECK UND RECHTSGRUNDLAGE<\/p>\n<p>Ihre Daten werden ausschlie\u00dflich f\u00fcr folgende Zwecke verwendet:<\/p>\n<p>Durchf\u00fchrung des Aufnahmeverfahrens, ggf. Zulassung.<\/p>\n<p>Folgende personenbezogene Daten werden in den genannten Verfahren von Ihnen erhoben und verarbeitet:<\/p>\n<p>Stamm- und Kontaktdaten, Schul- und Studiumsdaten (z. B. Abschluss, Leistungen aus dem schulischen Bereich, bisherige Studienleistungen), ggf. berufliche Daten (Zeugnisse, Praktikumsbescheinigungen o. \u00c4.) sowie k\u00fcnstlerische Proben.<\/p>\n<p>Rechtsgrundlage der Datenverarbeitung sind Art. 6 Abs. 2 Datenschutz-Grundverordnung und Art. 4 Abs. 1 Bayerisches Datenschutzgesetz.<\/p>\n<p>Ihre Daten werden unter Beachtung der Datenschutzgrundverordnung und des Bayerischen Datenschutzgesetzes verarbeitet.<\/p>\n<p>EMPF\u00c4NGER DER PERSONENBEZOGENEN DATEN<\/p>\n<p>Zust\u00e4ndige Organisationseinheiten der Drehbuchwerkstatt M\u00fcnchen sowie die Mitglieder der Vorauswahl- sowie der Hauptauswahlkommission zum n\u00e4chsten Drehbuchjahr, welche im Benehmen mit den Tr\u00e4gern der Drehbuchwerkstatt M\u00fcnchen von deren Leitung benannt wurden.<\/p>\n<p>\u00dcBERMITTLUNG PERSONENBEZOGENER DATEN<\/p>\n<p>Soweit ihre pers\u00f6nlichen Daten elektronisch verarbeitet und gespeichert werden, erfolgt der technische Betrieb unserer Datenverabeitungssysteme durch das Leibniz Rechenzentrum der Bayerischen Akademie der Wissenschaften sowie vermittels der Rechner der Drehbuchwerkstatt M\u00fcnchen selbst.<\/p>\n<p>DAUER DER SPEICHERUNG DER PERSONENBEZOGENEN DATEN<\/p>\n<p>Wir speichern Ihre personenbezogenen Daten nicht l\u00e4nger, als es f\u00fcr die genannten Zwecke notwendig ist.<\/p>\n<p>Daten, welche der gesetzlichen Aufbewahrungsfrist unterliegen, werden nach deren Ablauf gel\u00f6scht.<\/p>\n<p>BETROFFENENRECHTE<\/p>\n<p>Werden Ihre personenbezogenen Daten verarbeitet, so haben Sie das Recht, Auskunft \u00fcber die zu Ihrer Person gespeicherten Daten zu erhalten (Art. 15 DSGVO).<\/p>\n<p>Sollten unrichtige personenbezogene Daten verarbeitet werden, steht Ihnen ein Recht auf Berichtigung zu (Art. 16 DSGVO).<\/p>\n<p>Liegen die gesetzlichen Voraussetzungen vor, so k\u00f6nnen Sie die L\u00f6schung oder Einschr\u00e4nkung der Verarbeitung verlangen sowie Widerspruch gegen die Verarbeitung einlagen (Art. 17, 18 und 21 DSGVO).<\/p>\n<p>Sollten Sie von Ihren oben genannten Rechten Gebrauch machen, pr\u00fcfen wir, ob die gesetzlichen Voraussetzungen hierf\u00fcr erf\u00fcllt sind.<\/p>\n<p>Weiterhin haben Sie ein Beschwerderecht beim Bayerischen Landesbeauftragten f\u00fcr den Datenschutz.[\/vc_column_text][\/vc_accordion_tab][\/vc_accordion][vc_single_image media=&#8220;1626&#8243; media_width_percent=&#8220;100&#8243;][vc_column_text uncode_shortcode_id=&#8220;204023&#8243;]<\/p>\n<h2>Offizielles Bewerbungsformular<\/h2>\n<p>Bitte ausf\u00fcllen (per Hand oder in einem PDF-Viewer), ausgef\u00fcllt ausdrucken und unterschrieben als PDF an uns mailen. Genauere Daten entnehmen Sie bitte Seite 2 des Formulares. Hier unser <a href=\"https:\/\/www.drehbuchwerkstatt.de\/relaunch\/wp-content\/uploads\/2026\/03\/Bewerbung_dokart_2026_Anmeldeformular.pdf\" target=\"_blank\" rel=\"noopener noreferrer\">Anmeldeformular<\/a> in der Vorschau (druckbar):<\/p>\n<hr \/>\n<div class=\"real3dflipbook\" id=\"31_69f2c8e96d64b\" style=\"position:absolute;\"><\/div>[\/vc_column_text][\/vc_column][\/vc_row]<\/p>\n<\/div>","protected":false},"excerpt":{"rendered":"<p>Bewerbung f\u00fcr die Drehbuchwerkstatt | dok.art 2023\/2024<\/p>\n","protected":false},"author":1,"featured_media":1630,"parent":0,"menu_order":0,"comment_status":"closed","ping_status":"closed","template":"","meta":{"footnotes":""},"class_list":["post-1619","page","type-page","status-publish","has-post-thumbnail","hentry","page_category-bewerbung","page_category-schaufenster"],"_links":{"self":[{"href":"https:\/\/www.drehbuchwerkstatt.de\/relaunch\/wp-json\/wp\/v2\/pages\/1619","targetHints":{"allow":["GET"]}}],"collection":[{"href":"https:\/\/www.drehbuchwerkstatt.de\/relaunch\/wp-json\/wp\/v2\/pages"}],"about":[{"href":"https:\/\/www.drehbuchwerkstatt.de\/relaunch\/wp-json\/wp\/v2\/types\/page"}],"author":[{"embeddable":true,"href":"https:\/\/www.drehbuchwerkstatt.de\/relaunch\/wp-json\/wp\/v2\/users\/1"}],"replies":[{"embeddable":true,"href":"https:\/\/www.drehbuchwerkstatt.de\/relaunch\/wp-json\/wp\/v2\/comments?post=1619"}],"version-history":[{"count":33,"href":"https:\/\/www.drehbuchwerkstatt.de\/relaunch\/wp-json\/wp\/v2\/pages\/1619\/revisions"}],"predecessor-version":[{"id":87171,"href":"https:\/\/www.drehbuchwerkstatt.de\/relaunch\/wp-json\/wp\/v2\/pages\/1619\/revisions\/87171"}],"wp:featuredmedia":[{"embeddable":true,"href":"https:\/\/www.drehbuchwerkstatt.de\/relaunch\/wp-json\/wp\/v2\/media\/1630"}],"wp:attachment":[{"href":"https:\/\/www.drehbuchwerkstatt.de\/relaunch\/wp-json\/wp\/v2\/media?parent=1619"}],"curies":[{"name":"wp","href":"https:\/\/api.w.org\/{rel}","templated":true}]}}