{"id":1160,"date":"2020-11-15T09:53:25","date_gmt":"2020-11-15T08:53:25","guid":{"rendered":"https:\/\/www.drehbuchwerkstatt.de\/relaunch\/?page_id=1160"},"modified":"2025-07-11T07:58:11","modified_gmt":"2025-07-11T05:58:11","slug":"drehbuchwerkstatt-downloads","status":"publish","type":"page","link":"https:\/\/www.drehbuchwerkstatt.de\/relaunch\/drehbuchwerkstatt-downloads\/","title":{"rendered":"DREHBUCHWERKSTATT | downloads"},"content":{"rendered":"<div class=\"wpb-content-wrapper\"><p>[vc_row][vc_column width=&#8220;1\/1&#8243;][vc_single_image media=&#8220;1122&#8243; media_width_percent=&#8220;100&#8243;][vc_column_text][vc_custom_heading heading_semantic=&#8220;h5&#8243; text_size=&#8220;h5&#8243; text_font=&#8220;font-672269&#8243; text_weight=&#8220;300&#8243; text_transform=&#8220;uppercase&#8220; text_color=&#8220;color-dfgh&#8220;]TOOLS[\/vc_custom_heading][vc_custom_heading heading_semantic=&#8220;h1&#8243; text_size=&#8220;h1&#8243; text_font=&#8220;font-672269&#8243; text_weight=&#8220;300&#8243; text_color=&#8220;accent&#8220; separator=&#8220;yes&#8220; separator_color=&#8220;yes&#8220; separator_double=&#8220;yes&#8220;]DOWNLOADS[\/vc_custom_heading]<\/p>\n<p><strong>Textvorlage f\u00fcr ein Drehbuch gesucht? Mal ein Originaldrehbuch durchbl\u00e4ttern? In Literaturempfehlungen st\u00f6bern? Ok, dann sind Sie hier genau richtig. Die Drehbuchwerkstatt M\u00fcnchen hat einige Rarit\u00e4ten zusammengestellt &#8211; und hier zum Downloaden abgelegt.<\/strong>[\/vc_column_text][\/vc_column][\/vc_row][vc_row][vc_column width=&#8220;1\/2&#8243;][vc_column_text uncode_shortcode_id=&#8220;152337&#8243;]<\/p>\n<h3>DREHBUCHWERKSTATT-KALENDER DIN A4<\/h3>\n<p>Praktisch und kompakt: Das ganze Jahr zum Ausdrucken mit dem Drehbuchwerkstatt-A4-Kalender!<\/p>\n<p><img decoding=\"async\" class=\"alignleft wp-image-84377\" src=\"https:\/\/www.drehbuchwerkstatt.de\/relaunch\/wp-content\/uploads\/2023\/03\/dbw_icons_link-150x150.png\" alt=\"\" width=\"22\" height=\"22\" srcset=\"https:\/\/www.drehbuchwerkstatt.de\/relaunch\/wp-content\/uploads\/2023\/03\/dbw_icons_link-150x150.png 150w, https:\/\/www.drehbuchwerkstatt.de\/relaunch\/wp-content\/uploads\/2023\/03\/dbw_icons_link-300x300.png 300w, https:\/\/www.drehbuchwerkstatt.de\/relaunch\/wp-content\/uploads\/2023\/03\/dbw_icons_link-350x350.png 350w, https:\/\/www.drehbuchwerkstatt.de\/relaunch\/wp-content\/uploads\/2023\/03\/dbw_icons_link-348x348.png 348w, https:\/\/www.drehbuchwerkstatt.de\/relaunch\/wp-content\/uploads\/2023\/03\/dbw_icons_link.png 500w\" sizes=\"(max-width: 22px) 100vw, 22px\" \/><a href=\"https:\/\/www.drehbuchwerkstatt.de\/relaunch\/wp-content\/uploads\/2024\/12\/kalender_dbw_2025_out2.pdf\" target=\"_blank\" rel=\"noopener\">Kalender 2025 PDF herunterladen und ausdrucken<\/a><\/p>\n<p><img decoding=\"async\" class=\"alignleft wp-image-84377\" src=\"https:\/\/www.drehbuchwerkstatt.de\/relaunch\/wp-content\/uploads\/2023\/03\/dbw_icons_link-150x150.png\" alt=\"\" width=\"22\" height=\"22\" srcset=\"https:\/\/www.drehbuchwerkstatt.de\/relaunch\/wp-content\/uploads\/2023\/03\/dbw_icons_link-150x150.png 150w, https:\/\/www.drehbuchwerkstatt.de\/relaunch\/wp-content\/uploads\/2023\/03\/dbw_icons_link-300x300.png 300w, https:\/\/www.drehbuchwerkstatt.de\/relaunch\/wp-content\/uploads\/2023\/03\/dbw_icons_link-350x350.png 350w, https:\/\/www.drehbuchwerkstatt.de\/relaunch\/wp-content\/uploads\/2023\/03\/dbw_icons_link-348x348.png 348w, https:\/\/www.drehbuchwerkstatt.de\/relaunch\/wp-content\/uploads\/2023\/03\/dbw_icons_link.png 500w\" sizes=\"(max-width: 22px) 100vw, 22px\" \/><a href=\"https:\/\/www.drehbuchwerkstatt.de\/relaunch\/wp-content\/uploads\/2023\/11\/kalender_dbw_2024_out.pdf\" target=\"_blank\" rel=\"noopener\">Kalender 2024 PDF herunterladen und ausdrucken<\/a><\/p>\n<p>&nbsp;<\/p>\n<h3>BROSCH\u00dcREN PR\u00c4SENTATION FILMFEST M\u00dcNCHEN<\/h3>\n<p>Hier nochmal zum Herunterladen als PDF: Die gedruckten Brosch\u00fcren f\u00fcr die Pr\u00e4sentation der Drehbuchwerkstatt M\u00fcnchen im Rahmen des Filmfest M\u00fcnchen!<\/p>\n<p><img decoding=\"async\" class=\"alignleft wp-image-84377\" src=\"https:\/\/www.drehbuchwerkstatt.de\/relaunch\/wp-content\/uploads\/2023\/03\/dbw_icons_link-150x150.png\" alt=\"\" width=\"22\" height=\"22\" srcset=\"https:\/\/www.drehbuchwerkstatt.de\/relaunch\/wp-content\/uploads\/2023\/03\/dbw_icons_link-150x150.png 150w, https:\/\/www.drehbuchwerkstatt.de\/relaunch\/wp-content\/uploads\/2023\/03\/dbw_icons_link-300x300.png 300w, https:\/\/www.drehbuchwerkstatt.de\/relaunch\/wp-content\/uploads\/2023\/03\/dbw_icons_link-350x350.png 350w, https:\/\/www.drehbuchwerkstatt.de\/relaunch\/wp-content\/uploads\/2023\/03\/dbw_icons_link-348x348.png 348w, https:\/\/www.drehbuchwerkstatt.de\/relaunch\/wp-content\/uploads\/2023\/03\/dbw_icons_link.png 500w\" sizes=\"(max-width: 22px) 100vw, 22px\" \/><a href=\"https:\/\/www.drehbuchwerkstatt.de\/relaunch\/wp-content\/uploads\/2025\/07\/dbw_broschuere_2025_web_out2.pdf\" target=\"_blank\" rel=\"noopener\">Brosch\u00fcre 2025<\/a><\/p>\n<p><img decoding=\"async\" class=\"alignleft wp-image-84377\" src=\"https:\/\/www.drehbuchwerkstatt.de\/relaunch\/wp-content\/uploads\/2023\/03\/dbw_icons_link-150x150.png\" alt=\"\" width=\"22\" height=\"22\" srcset=\"https:\/\/www.drehbuchwerkstatt.de\/relaunch\/wp-content\/uploads\/2023\/03\/dbw_icons_link-150x150.png 150w, https:\/\/www.drehbuchwerkstatt.de\/relaunch\/wp-content\/uploads\/2023\/03\/dbw_icons_link-300x300.png 300w, https:\/\/www.drehbuchwerkstatt.de\/relaunch\/wp-content\/uploads\/2023\/03\/dbw_icons_link-350x350.png 350w, https:\/\/www.drehbuchwerkstatt.de\/relaunch\/wp-content\/uploads\/2023\/03\/dbw_icons_link-348x348.png 348w, https:\/\/www.drehbuchwerkstatt.de\/relaunch\/wp-content\/uploads\/2023\/03\/dbw_icons_link.png 500w\" sizes=\"(max-width: 22px) 100vw, 22px\" \/><a href=\"https:\/\/www.drehbuchwerkstatt.de\/relaunch\/wp-content\/uploads\/2024\/07\/dbw_broschuere_2024_web_out3.pdf\" target=\"_blank\" rel=\"noopener\">Brosch\u00fcre 2024<\/a><\/p>\n<p><img decoding=\"async\" class=\"alignleft wp-image-84377\" src=\"https:\/\/www.drehbuchwerkstatt.de\/relaunch\/wp-content\/uploads\/2023\/03\/dbw_icons_link-150x150.png\" alt=\"\" width=\"22\" height=\"22\" srcset=\"https:\/\/www.drehbuchwerkstatt.de\/relaunch\/wp-content\/uploads\/2023\/03\/dbw_icons_link-150x150.png 150w, https:\/\/www.drehbuchwerkstatt.de\/relaunch\/wp-content\/uploads\/2023\/03\/dbw_icons_link-300x300.png 300w, https:\/\/www.drehbuchwerkstatt.de\/relaunch\/wp-content\/uploads\/2023\/03\/dbw_icons_link-350x350.png 350w, https:\/\/www.drehbuchwerkstatt.de\/relaunch\/wp-content\/uploads\/2023\/03\/dbw_icons_link-348x348.png 348w, https:\/\/www.drehbuchwerkstatt.de\/relaunch\/wp-content\/uploads\/2023\/03\/dbw_icons_link.png 500w\" sizes=\"(max-width: 22px) 100vw, 22px\" \/><a href=\"https:\/\/www.drehbuchwerkstatt.de\/relaunch\/wp-content\/uploads\/2023\/06\/dbw_broschuere_2023_web_out_v2.pdf\" target=\"_blank\" rel=\"noopener\">Brosch\u00fcre 2023<\/a><\/p>\n<p>&nbsp;<\/p>\n<h3>WORD-VORLAGE &#8222;DREHBUCH&#8220;<\/h3>\n<p><img decoding=\"async\" class=\"alignleft wp-image-84377\" src=\"https:\/\/www.drehbuchwerkstatt.de\/relaunch\/wp-content\/uploads\/2023\/03\/dbw_icons_link-150x150.png\" alt=\"\" width=\"22\" height=\"22\" srcset=\"https:\/\/www.drehbuchwerkstatt.de\/relaunch\/wp-content\/uploads\/2023\/03\/dbw_icons_link-150x150.png 150w, https:\/\/www.drehbuchwerkstatt.de\/relaunch\/wp-content\/uploads\/2023\/03\/dbw_icons_link-300x300.png 300w, https:\/\/www.drehbuchwerkstatt.de\/relaunch\/wp-content\/uploads\/2023\/03\/dbw_icons_link-350x350.png 350w, https:\/\/www.drehbuchwerkstatt.de\/relaunch\/wp-content\/uploads\/2023\/03\/dbw_icons_link-348x348.png 348w, https:\/\/www.drehbuchwerkstatt.de\/relaunch\/wp-content\/uploads\/2023\/03\/dbw_icons_link.png 500w\" sizes=\"(max-width: 22px) 100vw, 22px\" \/><a href=\"https:\/\/www.drehbuchwerkstatt.de\/relaunch\/wp-content\/uploads\/2020\/11\/Drehbuch-Formatvorlagen_auf_Schnelltasten.zip\">MS-Word-DOTX-Formatvorlage DREHBUCH<\/a> mit Schnelltasten zum Verfassen korrekt formatierter Drehb\u00fccher (ZIP-komprimierte Datei)<\/p>\n<p>&nbsp;<\/p>\n<h3>DREHBUCH-SOFTWARE<\/h3>\n<p><img decoding=\"async\" class=\"alignleft wp-image-84377\" src=\"https:\/\/www.drehbuchwerkstatt.de\/relaunch\/wp-content\/uploads\/2023\/03\/dbw_icons_link-150x150.png\" alt=\"\" width=\"22\" height=\"22\" srcset=\"https:\/\/www.drehbuchwerkstatt.de\/relaunch\/wp-content\/uploads\/2023\/03\/dbw_icons_link-150x150.png 150w, https:\/\/www.drehbuchwerkstatt.de\/relaunch\/wp-content\/uploads\/2023\/03\/dbw_icons_link-300x300.png 300w, https:\/\/www.drehbuchwerkstatt.de\/relaunch\/wp-content\/uploads\/2023\/03\/dbw_icons_link-350x350.png 350w, https:\/\/www.drehbuchwerkstatt.de\/relaunch\/wp-content\/uploads\/2023\/03\/dbw_icons_link-348x348.png 348w, https:\/\/www.drehbuchwerkstatt.de\/relaunch\/wp-content\/uploads\/2023\/03\/dbw_icons_link.png 500w\" sizes=\"(max-width: 22px) 100vw, 22px\" \/><a href=\"https:\/\/www.trelby.org\" target=\"_blank\" rel=\"noopener noreferrer\">Trelby Screenwriting App<\/a>: Free, Multiplattform, viele Features, kostenlose Software<\/p>\n<p><img decoding=\"async\" class=\"alignleft wp-image-84377\" src=\"https:\/\/www.drehbuchwerkstatt.de\/relaunch\/wp-content\/uploads\/2023\/03\/dbw_icons_link-150x150.png\" alt=\"\" width=\"22\" height=\"22\" srcset=\"https:\/\/www.drehbuchwerkstatt.de\/relaunch\/wp-content\/uploads\/2023\/03\/dbw_icons_link-150x150.png 150w, https:\/\/www.drehbuchwerkstatt.de\/relaunch\/wp-content\/uploads\/2023\/03\/dbw_icons_link-300x300.png 300w, https:\/\/www.drehbuchwerkstatt.de\/relaunch\/wp-content\/uploads\/2023\/03\/dbw_icons_link-350x350.png 350w, https:\/\/www.drehbuchwerkstatt.de\/relaunch\/wp-content\/uploads\/2023\/03\/dbw_icons_link-348x348.png 348w, https:\/\/www.drehbuchwerkstatt.de\/relaunch\/wp-content\/uploads\/2023\/03\/dbw_icons_link.png 500w\" sizes=\"(max-width: 22px) 100vw, 22px\" \/><a href=\"https:\/\/www.celtx.com\/index.html\" target=\"_blank\" rel=\"noopener noreferrer\">Celtx<\/a> Screenwriting, Storyboarding, Projektplanung usw.<\/p>\n<p>(externe Links zu den Anbietern)<\/p>\n<p>&nbsp;<\/p>\n<h3>HANDLUNGSSCHRITTE<\/h3>\n<p>Knappe Darstellung, eignet sich eher zum internen Gebrauch (Autor verwendet sie, um den Lauf seiner Handlung zu \u00fcberblicken und zu kontrollieren &#8211; sowie als Spickzettel f\u00fcr einen m\u00fcndlichen Vortrag)<\/p>\n<p><img decoding=\"async\" class=\"alignleft wp-image-84377\" src=\"https:\/\/www.drehbuchwerkstatt.de\/relaunch\/wp-content\/uploads\/2023\/03\/dbw_icons_link-150x150.png\" alt=\"\" width=\"22\" height=\"22\" srcset=\"https:\/\/www.drehbuchwerkstatt.de\/relaunch\/wp-content\/uploads\/2023\/03\/dbw_icons_link-150x150.png 150w, https:\/\/www.drehbuchwerkstatt.de\/relaunch\/wp-content\/uploads\/2023\/03\/dbw_icons_link-300x300.png 300w, https:\/\/www.drehbuchwerkstatt.de\/relaunch\/wp-content\/uploads\/2023\/03\/dbw_icons_link-350x350.png 350w, https:\/\/www.drehbuchwerkstatt.de\/relaunch\/wp-content\/uploads\/2023\/03\/dbw_icons_link-348x348.png 348w, https:\/\/www.drehbuchwerkstatt.de\/relaunch\/wp-content\/uploads\/2023\/03\/dbw_icons_link.png 500w\" sizes=\"(max-width: 22px) 100vw, 22px\" \/><a href=\"https:\/\/www.drehbuchwerkstatt.de\/relaunch\/wp-content\/uploads\/2020\/11\/drehbuchwerkstatt_handlung_offizier.pdf\" target=\"_blank\" rel=\"noopener noreferrer\">&#8222;Ein Offizier und Gentleman&#8220;<\/a> (PDF)<\/p>\n<p><img decoding=\"async\" class=\"alignleft wp-image-84377\" src=\"https:\/\/www.drehbuchwerkstatt.de\/relaunch\/wp-content\/uploads\/2023\/03\/dbw_icons_link-150x150.png\" alt=\"\" width=\"22\" height=\"22\" srcset=\"https:\/\/www.drehbuchwerkstatt.de\/relaunch\/wp-content\/uploads\/2023\/03\/dbw_icons_link-150x150.png 150w, https:\/\/www.drehbuchwerkstatt.de\/relaunch\/wp-content\/uploads\/2023\/03\/dbw_icons_link-300x300.png 300w, https:\/\/www.drehbuchwerkstatt.de\/relaunch\/wp-content\/uploads\/2023\/03\/dbw_icons_link-350x350.png 350w, https:\/\/www.drehbuchwerkstatt.de\/relaunch\/wp-content\/uploads\/2023\/03\/dbw_icons_link-348x348.png 348w, https:\/\/www.drehbuchwerkstatt.de\/relaunch\/wp-content\/uploads\/2023\/03\/dbw_icons_link.png 500w\" sizes=\"(max-width: 22px) 100vw, 22px\" \/><a href=\"https:\/\/www.drehbuchwerkstatt.de\/relaunch\/wp-content\/uploads\/2020\/11\/drehbuchwerkstatt_handlung_wahrheit.pdf\" target=\"_blank\" rel=\"noopener noreferrer\">&#8222;Verdict &#8211; die Wahrheit und nichts als die Wahrheit&#8220;<\/a> (PDF)<\/p>\n<p><img decoding=\"async\" class=\"alignleft wp-image-84377\" src=\"https:\/\/www.drehbuchwerkstatt.de\/relaunch\/wp-content\/uploads\/2023\/03\/dbw_icons_link-150x150.png\" alt=\"\" width=\"22\" height=\"22\" srcset=\"https:\/\/www.drehbuchwerkstatt.de\/relaunch\/wp-content\/uploads\/2023\/03\/dbw_icons_link-150x150.png 150w, https:\/\/www.drehbuchwerkstatt.de\/relaunch\/wp-content\/uploads\/2023\/03\/dbw_icons_link-300x300.png 300w, https:\/\/www.drehbuchwerkstatt.de\/relaunch\/wp-content\/uploads\/2023\/03\/dbw_icons_link-350x350.png 350w, https:\/\/www.drehbuchwerkstatt.de\/relaunch\/wp-content\/uploads\/2023\/03\/dbw_icons_link-348x348.png 348w, https:\/\/www.drehbuchwerkstatt.de\/relaunch\/wp-content\/uploads\/2023\/03\/dbw_icons_link.png 500w\" sizes=\"(max-width: 22px) 100vw, 22px\" \/><a href=\"https:\/\/www.drehbuchwerkstatt.de\/relaunch\/wp-content\/uploads\/2020\/11\/drehbuchwerkstatt_handlung_buddenbrooks.pdf\" target=\"_blank\" rel=\"noopener noreferrer\">&#8222;Die Buddenbrooks&#8220;<\/a> (PDF)<\/p>\n<p>&nbsp;<\/p>\n<h3>ORIGINAL TREATMENTS<\/h3>\n<p><img decoding=\"async\" class=\"alignleft wp-image-84377\" src=\"https:\/\/www.drehbuchwerkstatt.de\/relaunch\/wp-content\/uploads\/2023\/03\/dbw_icons_link-150x150.png\" alt=\"\" width=\"22\" height=\"22\" srcset=\"https:\/\/www.drehbuchwerkstatt.de\/relaunch\/wp-content\/uploads\/2023\/03\/dbw_icons_link-150x150.png 150w, https:\/\/www.drehbuchwerkstatt.de\/relaunch\/wp-content\/uploads\/2023\/03\/dbw_icons_link-300x300.png 300w, https:\/\/www.drehbuchwerkstatt.de\/relaunch\/wp-content\/uploads\/2023\/03\/dbw_icons_link-350x350.png 350w, https:\/\/www.drehbuchwerkstatt.de\/relaunch\/wp-content\/uploads\/2023\/03\/dbw_icons_link-348x348.png 348w, https:\/\/www.drehbuchwerkstatt.de\/relaunch\/wp-content\/uploads\/2023\/03\/dbw_icons_link.png 500w\" sizes=\"(max-width: 22px) 100vw, 22px\" \/><a href=\"https:\/\/www.drehbuchwerkstatt.de\/relaunch\/wp-content\/uploads\/2020\/11\/Terminator_Treatment.pdf\" target=\"_blank\" rel=\"noopener noreferrer\">James Cameron &#8222;Terminator&#8220;<\/a> (PDF)<\/p>\n<p><img decoding=\"async\" class=\"alignleft wp-image-84377\" src=\"https:\/\/www.drehbuchwerkstatt.de\/relaunch\/wp-content\/uploads\/2023\/03\/dbw_icons_link-150x150.png\" alt=\"\" width=\"22\" height=\"22\" srcset=\"https:\/\/www.drehbuchwerkstatt.de\/relaunch\/wp-content\/uploads\/2023\/03\/dbw_icons_link-150x150.png 150w, https:\/\/www.drehbuchwerkstatt.de\/relaunch\/wp-content\/uploads\/2023\/03\/dbw_icons_link-300x300.png 300w, https:\/\/www.drehbuchwerkstatt.de\/relaunch\/wp-content\/uploads\/2023\/03\/dbw_icons_link-350x350.png 350w, https:\/\/www.drehbuchwerkstatt.de\/relaunch\/wp-content\/uploads\/2023\/03\/dbw_icons_link-348x348.png 348w, https:\/\/www.drehbuchwerkstatt.de\/relaunch\/wp-content\/uploads\/2023\/03\/dbw_icons_link.png 500w\" sizes=\"(max-width: 22px) 100vw, 22px\" \/><a href=\"https:\/\/www.drehbuchwerkstatt.de\/relaunch\/wp-content\/uploads\/2020\/11\/drehbuchwerkstatt_handlung_paulschrader2.pdf\" target=\"_blank\" rel=\"noopener noreferrer\">Paul Schrader &#8222;Die Ermittlung&#8220;<\/a> (PDF)<\/p>\n<p>&nbsp;<\/p>\n<h3>STORYBOARD-VORLAGEN DIN A4<\/h3>\n<p><img decoding=\"async\" class=\"alignleft wp-image-84377\" src=\"https:\/\/www.drehbuchwerkstatt.de\/relaunch\/wp-content\/uploads\/2023\/03\/dbw_icons_link-150x150.png\" alt=\"\" width=\"22\" height=\"22\" srcset=\"https:\/\/www.drehbuchwerkstatt.de\/relaunch\/wp-content\/uploads\/2023\/03\/dbw_icons_link-150x150.png 150w, https:\/\/www.drehbuchwerkstatt.de\/relaunch\/wp-content\/uploads\/2023\/03\/dbw_icons_link-300x300.png 300w, https:\/\/www.drehbuchwerkstatt.de\/relaunch\/wp-content\/uploads\/2023\/03\/dbw_icons_link-350x350.png 350w, https:\/\/www.drehbuchwerkstatt.de\/relaunch\/wp-content\/uploads\/2023\/03\/dbw_icons_link-348x348.png 348w, https:\/\/www.drehbuchwerkstatt.de\/relaunch\/wp-content\/uploads\/2023\/03\/dbw_icons_link.png 500w\" sizes=\"(max-width: 22px) 100vw, 22px\" \/>PDF &#8211; 12 Frames 16:9 <a href=\"https:\/\/www.drehbuchwerkstatt.de\/relaunch\/wp-content\/uploads\/2020\/11\/dbw_storyboard_12er.pdf\" target=\"_blank\" rel=\"noopener noreferrer\">quer<\/a> | <a href=\"https:\/\/www.drehbuchwerkstatt.de\/relaunch\/wp-content\/uploads\/2020\/11\/dbw_storyboard_hochkant_12er.pdf\" target=\"_blank\" rel=\"noopener noreferrer\">hoch<\/a><\/p>\n<p><img decoding=\"async\" class=\"alignleft wp-image-84377\" src=\"https:\/\/www.drehbuchwerkstatt.de\/relaunch\/wp-content\/uploads\/2023\/03\/dbw_icons_link-150x150.png\" alt=\"\" width=\"22\" height=\"22\" srcset=\"https:\/\/www.drehbuchwerkstatt.de\/relaunch\/wp-content\/uploads\/2023\/03\/dbw_icons_link-150x150.png 150w, https:\/\/www.drehbuchwerkstatt.de\/relaunch\/wp-content\/uploads\/2023\/03\/dbw_icons_link-300x300.png 300w, https:\/\/www.drehbuchwerkstatt.de\/relaunch\/wp-content\/uploads\/2023\/03\/dbw_icons_link-350x350.png 350w, https:\/\/www.drehbuchwerkstatt.de\/relaunch\/wp-content\/uploads\/2023\/03\/dbw_icons_link-348x348.png 348w, https:\/\/www.drehbuchwerkstatt.de\/relaunch\/wp-content\/uploads\/2023\/03\/dbw_icons_link.png 500w\" sizes=\"(max-width: 22px) 100vw, 22px\" \/>PDF &#8211; 6 Frames 16:9 <a href=\"https:\/\/www.drehbuchwerkstatt.de\/relaunch\/wp-content\/uploads\/2020\/11\/dbw_storyboard_6er.pdf\" target=\"_blank\" rel=\"noopener noreferrer\">quer<\/a> | <a href=\"https:\/\/www.drehbuchwerkstatt.de\/relaunch\/wp-content\/uploads\/2020\/11\/dbw_storyboard_hochkant_6er.pdf\" target=\"_blank\" rel=\"noopener noreferrer\">hoch<\/a><\/p>\n<p><img decoding=\"async\" class=\"alignleft wp-image-84377\" src=\"https:\/\/www.drehbuchwerkstatt.de\/relaunch\/wp-content\/uploads\/2023\/03\/dbw_icons_link-150x150.png\" alt=\"\" width=\"22\" height=\"22\" srcset=\"https:\/\/www.drehbuchwerkstatt.de\/relaunch\/wp-content\/uploads\/2023\/03\/dbw_icons_link-150x150.png 150w, https:\/\/www.drehbuchwerkstatt.de\/relaunch\/wp-content\/uploads\/2023\/03\/dbw_icons_link-300x300.png 300w, https:\/\/www.drehbuchwerkstatt.de\/relaunch\/wp-content\/uploads\/2023\/03\/dbw_icons_link-350x350.png 350w, https:\/\/www.drehbuchwerkstatt.de\/relaunch\/wp-content\/uploads\/2023\/03\/dbw_icons_link-348x348.png 348w, https:\/\/www.drehbuchwerkstatt.de\/relaunch\/wp-content\/uploads\/2023\/03\/dbw_icons_link.png 500w\" sizes=\"(max-width: 22px) 100vw, 22px\" \/>PDF &#8211; 6 Frames 9:16 <a href=\"https:\/\/www.drehbuchwerkstatt.de\/relaunch\/wp-content\/uploads\/2020\/11\/dbw_storyboard_hochkant.pdf\" target=\"_blank\" rel=\"noopener noreferrer\">quer<\/a> | <a href=\"https:\/\/www.drehbuchwerkstatt.de\/relaunch\/wp-content\/uploads\/2020\/11\/dbw_storyboard_hochkant_insta.pdf\" target=\"_blank\" rel=\"noopener noreferrer\">hoch<\/a>[\/vc_column_text][\/vc_column][vc_column width=&#8220;1\/2&#8243;][vc_single_image media=&#8220;1161&#8243; media_lightbox=&#8220;yes&#8220; media_width_percent=&#8220;100&#8243;][vc_single_image media=&#8220;86597&#8243; media_lightbox=&#8220;yes&#8220; media_width_percent=&#8220;100&#8243; uncode_shortcode_id=&#8220;964878&#8243;][vc_single_image media=&#8220;1172&#8243; media_lightbox=&#8220;yes&#8220; media_width_percent=&#8220;100&#8243;][vc_single_image media=&#8220;1189&#8243; media_lightbox=&#8220;yes&#8220; media_width_percent=&#8220;100&#8243;][\/vc_column][\/vc_row][vc_row][vc_column width=&#8220;1\/1&#8243;][vc_column_text]<div class=\"real3dflipbook\" id=\"3_69f5c07e640a0\" style=\"position:absolute;\"><\/div>[\/vc_column_text][\/vc_column][\/vc_row][vc_row][vc_column width=&#8220;1\/1&#8243;][vc_single_image media=&#8220;85486&#8243; media_width_percent=&#8220;100&#8243; uncode_shortcode_id=&#8220;206838&#8243;][\/vc_column][\/vc_row][vc_row][vc_column width=&#8220;1\/2&#8243;][vc_column_text uncode_shortcode_id=&#8220;146898&#8243;]<\/p>\n<h1>LOGOS<\/h1>\n<p>Verwendung f\u00fcr Drucksachen, Websites u.a. kostenlos, \u00a9 Drehbuchwerkstatt M\u00fcnchen, Design by Stefan Scheider<\/p>\n<hr \/>\n<h3>LOGOS (PNG transparent, RGB)<\/h3>\n<p>Drehbuchwerkstatt M\u00fcnchen <a href=\"https:\/\/www.drehbuchwerkstatt.de\/relaunch\/wp-content\/uploads\/2025\/07\/dbw_logos_web_muc_positiv-scaled.png\" target=\"_blank\" rel=\"noopener\">positiv<\/a> | <a href=\"https:\/\/www.drehbuchwerkstatt.de\/relaunch\/wp-content\/uploads\/2025\/07\/dbw_logos_web_muc_negativ-scaled.png\" target=\"_blank\" rel=\"noopener\">negativ<\/a> | <a href=\"https:\/\/www.drehbuchwerkstatt.de\/relaunch\/wp-content\/uploads\/2025\/07\/dbw_logos_web_muc_blanko_pos-scaled.png\" target=\"_blank\" rel=\"noopener\">positiv ohne Schriftzug<\/a> | <a href=\"https:\/\/www.drehbuchwerkstatt.de\/relaunch\/wp-content\/uploads\/2025\/07\/dbw_logos_web_muc_blanko_neg-scaled.png\" target=\"_blank\" rel=\"noopener\">negativ ohne Schriftzug<\/a><\/p>\n<p>Serie <a href=\"https:\/\/www.drehbuchwerkstatt.de\/relaunch\/wp-content\/uploads\/2025\/07\/dbw_logos_web_serie_pos-scaled.png\" target=\"_blank\" rel=\"noopener\">positiv<\/a> | <a href=\"https:\/\/www.drehbuchwerkstatt.de\/relaunch\/wp-content\/uploads\/2025\/07\/dbw_logos_web_serie_neg-scaled.png\" target=\"_blank\" rel=\"noopener\">negativ<\/a><\/p>\n<p>dokart <a href=\"https:\/\/www.drehbuchwerkstatt.de\/relaunch\/wp-content\/uploads\/2025\/07\/dbw_logos_web_dokart_pos-scaled.png\" target=\"_blank\" rel=\"noopener\">positiv<\/a> | <a href=\"https:\/\/www.drehbuchwerkstatt.de\/relaunch\/wp-content\/uploads\/2025\/07\/dbw_logos_web_dokart_neg-scaled.png\" target=\"_blank\" rel=\"noopener\">negativ<\/a><\/p>\n<p>1stmovie <a href=\"https:\/\/www.drehbuchwerkstatt.de\/relaunch\/wp-content\/uploads\/2025\/07\/dbw_logos_web_1stmovie_pos-scaled.png\" target=\"_blank\" rel=\"noopener\">positiv<\/a> | <a href=\"https:\/\/www.drehbuchwerkstatt.de\/relaunch\/wp-content\/uploads\/2025\/07\/dbw_logos_web_1stmovie_neg-scaled.png\" target=\"_blank\" rel=\"noopener\">negativ<\/a><\/p>\n<p>alle Logos <a href=\"https:\/\/www.drehbuchwerkstatt.de\/relaunch\/wp-content\/uploads\/2025\/07\/drehbuchwerkstatt_logos_sampler_web.png\" target=\"_blank\" rel=\"noopener\">PNG<\/a> | <a href=\"https:\/\/www.drehbuchwerkstatt.de\/relaunch\/wp-content\/uploads\/2025\/07\/drehbuchwerkstatt_logos_sampler_final_eps.zip\" target=\"_blank\" rel=\"noopener\">EPS<\/a> (CYMK)[\/vc_column_text][\/vc_column][vc_column width=&#8220;1\/2&#8243;][vc_single_image media=&#8220;1433&#8243; media_lightbox=&#8220;yes&#8220; media_width_percent=&#8220;100&#8243;][vc_single_image media=&#8220;123&#8243; media_lightbox=&#8220;yes&#8220; media_width_percent=&#8220;100&#8243;][\/vc_column][\/vc_row]<\/p>\n<\/div>","protected":false},"excerpt":{"rendered":"<p>[vc_row][vc_column width=&#8220;1\/1&#8243;][vc_single_image media=&#8220;1122&#8243; media_width_percent=&#8220;100&#8243;][vc_column_text][vc_custom_heading heading_semantic=&#8220;h5&#8243; text_size=&#8220;h5&#8243; text_font=&#8220;font-672269&#8243; text_weight=&#8220;300&#8243; text_transform=&#8220;uppercase&#8220; text_color=&#8220;color-dfgh&#8220;]TOOLS[\/vc_custom_heading][vc_custom_heading heading_semantic=&#8220;h1&#8243; text_size=&#8220;h1&#8243; text_font=&#8220;font-672269&#8243; text_weight=&#8220;300&#8243; text_color=&#8220;accent&#8220; separator=&#8220;yes&#8220; separator_color=&#8220;yes&#8220; separator_double=&#8220;yes&#8220;]DOWNLOADS[\/vc_custom_heading] Textvorlage f\u00fcr [&hellip;]<\/p>\n","protected":false},"author":1,"featured_media":1161,"parent":0,"menu_order":0,"comment_status":"closed","ping_status":"closed","template":"","meta":{"footnotes":""},"class_list":["post-1160","page","type-page","status-publish","has-post-thumbnail","hentry","page_category-schaufenster"],"_links":{"self":[{"href":"https:\/\/www.drehbuchwerkstatt.de\/relaunch\/wp-json\/wp\/v2\/pages\/1160","targetHints":{"allow":["GET"]}}],"collection":[{"href":"https:\/\/www.drehbuchwerkstatt.de\/relaunch\/wp-json\/wp\/v2\/pages"}],"about":[{"href":"https:\/\/www.drehbuchwerkstatt.de\/relaunch\/wp-json\/wp\/v2\/types\/page"}],"author":[{"embeddable":true,"href":"https:\/\/www.drehbuchwerkstatt.de\/relaunch\/wp-json\/wp\/v2\/users\/1"}],"replies":[{"embeddable":true,"href":"https:\/\/www.drehbuchwerkstatt.de\/relaunch\/wp-json\/wp\/v2\/comments?post=1160"}],"version-history":[{"count":56,"href":"https:\/\/www.drehbuchwerkstatt.de\/relaunch\/wp-json\/wp\/v2\/pages\/1160\/revisions"}],"predecessor-version":[{"id":86617,"href":"https:\/\/www.drehbuchwerkstatt.de\/relaunch\/wp-json\/wp\/v2\/pages\/1160\/revisions\/86617"}],"wp:featuredmedia":[{"embeddable":true,"href":"https:\/\/www.drehbuchwerkstatt.de\/relaunch\/wp-json\/wp\/v2\/media\/1161"}],"wp:attachment":[{"href":"https:\/\/www.drehbuchwerkstatt.de\/relaunch\/wp-json\/wp\/v2\/media?parent=1160"}],"curies":[{"name":"wp","href":"https:\/\/api.w.org\/{rel}","templated":true}]}}